066. Calculate d(-161).
6
Let d(y) = 11565*y + 69419. What is d(-6)?
29
Let s(l) = -31486*l + 31511. Calculate s(1).
25
Let y(s) = s**2 - 16207*s + 3011571. Calculate y(188).
-1
Let y(q) = q**3 + 15*q**2 - 8*q - 600. Calculate y(-13).
-158
Let m(i) = -5*i**2 + 246*i + 743. Calculate m(53).
-264
Let q(h) = h**2 - 67*h - 149. Calculate q(20).
-1089
Let f(o) = -25*o**2 + 1472*o - 9067. Determine f(7).
12
Let t(f) = 121103*f + 121102. Calculate t(-1).
-1
Let o(k) = -k**3 + 7*k**2 + 16*k - 137. Calculate o(5).
-7
Let m(a) = -5*a**2 - 45453*a - 90896. Give m(-2).
-10
Let a(p) = -1148332*p - 5741664. Give a(-5).
-4
Let z(r) = -298*r - 24115. Determine z(-68).
-3851
Let a(m) = -2*m**3 - 396*m**2 - 12379*m + 3660. What is a(-159)?
3
Let m(q) = 176*q**2 + 27*q - 91. What is m(3)?
1574
Let g(s) = 20*s**2 - 334*s + 70. Calculate g(22).
2402
Let y(a) = 8*a**3 - 113*a**2 + a - 128. What is y(7)?
-2914
Let k(z) = z**2 + 458805*z + 1376409. Calculate k(-3).
3
Let l(c) = 8187*c**2 + 81872*c + 14. Give l(-10).
-6
Let t(h) = -76379*h + 1527597. Calculate t(20).
17
Let v(q) = -3*q**2 - 1246*q - 38926. Calculate v(-34).
-30
Let c(b) = -19353*b + 234219. Give c(12).
1983
Let m(d) = d**3 - 17*d**2 + 71*d + 7. Give m(8).
-1
Let r(j) = -159*j**2 - 1842*j - 4. What is r(-14)?
-5380
Let h(o) = 64*o**3 + 9857*o**2 + 159*o + 231. What is h(-154)?
-539
Let k(q) = 8367*q - 68842. Calculate k(8).
-1906
Let t(q) = q**2 + 463*q + 2248. Calculate t(-5).
-42
Let o(j) = 55*j**2 + 23*j - 70. What is o(3)?
494
Let t(k) = -k**2 + 3770*k + 280546. What is t(-73)?
7
Let l(i) = 3*i**2 - 15772*i - 268694. Calculate l(-17).
297
Let z(r) = -10*r**2 - 102*r - 195. Give z(-6).
57
Let i(f) = 561*f**3 - 17381*f**2 - 317*f + 207. Calculate i(31).
-10
Let n(j) = 52*j**2 - 878*j - 10. What is n(17)?
92
Let x(n) = n**3 + 7*n**2 + 90*n + 422. Determine x(-5).
22
Let n(v) = -27*v**2 + 1542*v - 21430. Calculate n(24).
26
Let a(d) = -d**3 - 9*d**2 + 43774*d + 437636. Give a(-10).
-4
Let v(d) = -2*d**2 - 213*d - 1885. What is v(-10)?
45
Let m(g) = -g**3 - 40*g**2 + 349*g - 4536. What is m(-49)?
-28
Let r(d) = -2*d**2 + 7736*d - 366746. Give r(48).
-26
Let z(k) = 3*k**2 + 1275*k + 40955. Determine z(-390).
5
Let l(i) = 5*i**3 + 33*i**2 - 322*i - 753. What is l(-2)?
-17
Let o(w) = -2928*w + 43951. Determine o(15).
31
Let l(b) = -b**2 - 127*b - 1608. Give l(-112).
72
Let z(j) = -j**3 - 16*j**2 + 448*j + 1449. What is z(-3)?
-12
Let t(j) = -11*j**2 + 730*j + 4452. Calculate t(72).
-12
Let c(v) = v**3 - 67*v**2 - 39*v + 7. Determine c(-6).
-2387
Let t(z) = 101*z**2 + 30*z + 1. Calculate t(-1).
72
Let m(k) = -k**2 - 485*k + 46498. Determine m(82).
4
Let o(n) = -11759*n - 2951519. Determine o(-251).
-10
Let f(m) = m**2 + 89391*m + 983168. What is f(-11)?
-12
Let q(c) = 963*c + 5279. Calculate q(-6).
-499
Let o(f) = -2728*f + 114538. Determine o(42).
-38
Let b(x) = 5*x**2 + 161*x - 667. Give b(-36).
17
Let g(o) = 352*o - 8947. Give g(31).
1965
Let h(s) = -24074*s + 122417. What is h(5)?
2047
Let w(c) = -c**3 - 38*c**2 - 101*c - 1037. Give w(-36).
7
Let v(o) = 2*o**3 + 171*o**2 + 93*o + 114. Calculate v(-85).
-566
Let u(x) = 19*x**2 + 4524*x - 27157. Determine u(6).
671
Let k(x) = -x**3 + 240*x**2 - 2728*x - 1795. Determine k(228).
29
Let p(h) = -11*h**3 - 32*h**2 + 66*h + 27. Give p(-8).
3083
Let r(j) = 11*j**2 + 75*j - 723. Calculate r(-10).
-373
Let n(m) = 102*m - 9279. Determine n(88).
-303
Let l(v) = 2973*v + 365675. What is l(-123)?
-4
Let o(k) = -k**2 + 165*k + 59946. What is o(-176)?
-70
Let p(w) = 2*w**3 - 1619*w**2 - 2*w + 4. Give p(0).
4
Let y(j) = 11*j**2 - 6*j + 65. Calculate y(-4).
265
Let q(r) = 173*r**2 - 1105*r - 4066. Give q(9).
2
Let o(l) = -l**2 + 12228*l - 1140603. Determine o(94).
-7
Let h(i) = -i**3 - 1584*i**2 - 18836*i + 44023. Determine h(-1572).
7
Let q(w) = 21564*w - 21236. What is q(1)?
328
Let w(i) = -2404*i + 34342. Calculate w(14).
686
Let a(v) = v**3 + 14*v**2 + 11342*v + 124484. Determine a(-11).
85
Let m(p) = 2*p**3 - 10*p**2 - 137*p + 734. What is m(6)?
-16
Let x(v) = 14977*v + 224642. Calculate x(-15).
-13
Let i(t) = -2*t**3 + 869*t**2 - 6969*t + 31. Calculate i(8).
-1129
Let m(i) = 21*i + 1654. Determine m(-87).
-173
Let y(s) = -3*s**2 - 110*s - 548. Determine y(-25).
327
Let i(z) = 538*z**2 + 32352*z + 4314. What is i(-60)?
-6
Let i(p) = -2*p**2 - 124*p + 921. What is i(7)?
-45
Let f(q) = 129*q**2 + 266*q + 19. Calculate f(0).
19
Let y(t) = 70*t - 164. Determine y(-16).
-1284
Let p(w) = 97*w - 7576. Give p(61).
-1659
Let x(y) = 69*y - 1789. What is x(15)?
-754
Let c(q) = 35*q**3 + 351*q**2 + 53*q + 333. What is c(-10)?
-97
Let n(i) = -144*i - 5858. Calculate n(-39).
-242
Let n(p) = 8069*p + 7905. Give n(-1).
-164
Let s(g) = 1330*g + 10285. Give s(-7).
975
Let m(w) = -9*w**2 - 630*w + 4123. Determine m(-76).
19
Let r(j) = 177*j + 7457. Determine r(-40).
377
Let k(b) = b**3 + 55*b**2 + 556*b - 261. What is k(-14)?
-9
Let t(b) = -b**2 - 913884*b + 1827766. Calculate t(2).
-6
Let w(p) = -74946*p - 4796548. What is w(-64)?
-4
Let k(p) = 1067*p - 426256. What is k(400)?
544
Let v(b) = 197*b + 943. Determine v(-5).
-42
Let f(b) = -b + 1086. Determine f(-31).
1117
Let a(h) = -1715*h - 9422. Calculate a(-7).
2583
Let t(l) = -15642*l + 6. Calculate t(0).
6
Let b(v) = -v**2 - 967*v + 462651. What is b(351)?
33
Let b(n) = -705*n - 76823. Give b(-109).
22
Let r(c) = 326*c - 3695. Determine r(11).
-109
Let r(k) = 22*k**2 - 17*k - 85. Determine r(7).
874
Let g(r) = 188374*r + 15446677. Calculate g(-82).
9
Let a(t) = -16409*t - 1476817. Determine a(-90).
-7
Let r(n) = -36560*n - 109673. What is r(-3)?
7
Let q(g) = -g**3 - 85*g**2 + 29*g + 3471. Give q(-85).
1006
Let p(h) = -h**3 - 23*h**2 - 193*h - 441. What is p(-4)?
27
Let l(r) = 12*r**2 - 2917*r - 80097. What is l(268)?
35
Let z(d) = d**3 - 33*d**2 - 113*d - 81. Calculate z(36).
-261
Let r(j) = 11110*j - 55034. Calculate r(5).
516
Let p(c) = 1922*c - 144137. Calculate p(75).
13
Let i(b) = 1848*b + 498508. Determine i(-270).
-452
Let d(s) = -7*s**2 + 192*s - 755. Determine d(22).
81
Let j(t) = 8322*t**2 + 41616*t + 100. Give j(-5).
70
Let b(d) = -d**3 + 151*d**2 - 710*d - 2861. What is b(146)?
59
Let q(n) = -3*n**2 - 131*n + 25563. Calculate q(73).
13
Let j(l) = -l**3 - 113*l**2 + 4710*l + 523950. Determine j(-114).
6
Let c(i) = 3*i**3 + 164*i**2 + 32*i + 4786. Give c(-55).
1
Let m(r) = -5*r**2 + 6612*r + 26479. Give m(-4).
-49
Let x(t) = -t**3 - 9*t**2 + 54*t + 222. Calculate x(-17).
1616
Let x(c) = 67*c + 2392. Determine x(-30).
382
Let q(p) = 2144*p + 420231. Determine q(-196).
7
Let b(p) = -127*p**2 + 2*p + 1. Give b(3).
-1136
Let t(w) = 223232*w - 669698. Calculate t(3).
-2
Let x(t) = 3*t**2 - 589*t - 43020. Give x(253).
-10
Let d(j) = j**3 - 4740*j**2 - 28473*j + 29. Give d(-6).
11
Let a(j) = -3*j**2 - 7628*j - 151350. What is a(-20)?
10
Let y(x) = -3*x + 121. Give y(75).
-104
Let f(o) = -3*o**2 - 186*o + 8858. Calculate f(-93).
209
Let b(c) = -2922*c**2 + 160703*c + 48. Determine b(55).
-337
Let o(x) = -10*x**2 - 149*x + 48. What is o(-16)?
-128
Let d(n) = -n**2 + 174*n - 5857. Give d(39).
-592
Let i(z) = 2*z**3 - 136*z**2 + 388*z + 24. Calculate i(3).
18
Let x(w) = w**3 - 45*w**2 + 287*w + 130. What is x(37)?
-203
Let p(x) = -x**2 + 781*x + 77859. Give p(-89).
429
Let b(v) = -3*v**3 - 164*v**2 + 61*v + 385. What is b(-55)?
55
Let m(p) = -4*p**2 - 474*p - 5851. Calculate m(-14).
1
Let n(u) = 6*u - 112. What is n(5)?
-82
Let c(w) = w**3 + 54*w**2 - 636*w + 311. Determine c(-64).
55
Let u(q) = -20*q**2 - 65*q + 218. Give u(11).
-2917
Let w(u) = u**2 + 12639*u + 138939. What is w(-11)?
31
Let t(x) = -17*x**2 - 2563*x + 58010. Determine t(20).
-50
Let j(y) = -2354*y**2 - 9413*y + 8. Give j(-4).
-4
Let z(f) = -f**3 + 48*f**2 + 334*f - 430. Give z(54).
110
Let c(f) = -1126*f - 97908. Determine c(-87).
54
Let a(g) = -2644*g - 274963. What is a(-104)?
13
Let v(d) = d**2 - 2164*d - 207562. Determine v(-92).
-10
Let j(c) = 21*c**3 + 1524*c**2 + 905*c + 2941. Determine j(-72).
-11
Let x(s) = -2*s**2 - 109659*s + 438667. What is x(4)?
-1
Let h(a) = 17*a**2 + 1182*a + 145. Give h(-70).
705
Let n(p) = 154*p - 2296. Determine n(21).
938
Let t(n) = 16678*n + 33401. What is t(-2)?
45
Let t(f) = f**2 + 4093*f - 673. What is t(0)?
-673
Let p(